{"id":1769,"date":"2020-10-08T17:57:36","date_gmt":"2020-10-08T17:57:36","guid":{"rendered":"http:\/\/instalacionesiguazu.com.ar\/?post_type=product&#038;p=1769"},"modified":"2026-04-03T17:00:24","modified_gmt":"2026-04-03T17:00:24","slug":"__trashed-4__trashed","status":"publish","type":"product","link":"https:\/\/iguazu.enexti.dev\/?product=__trashed-4__trashed","title":{"rendered":"Freezer Frare 820"},"content":{"rendered":"<p>Capacidad bruta (lts): 1.350<br \/>\nCondensaci\u00f3n: Ventilada<br \/>\nRefrigeraci\u00f3n: Est\u00e1tica<br \/>\nPotencia compresor (w): 645<br \/>\nPeso neto (kg): 188<br \/>\nDimensiones mueble (mm): L:2480\/P:970\/H:1090<\/p>\n","protected":false},"excerpt":{"rendered":"<p>Capacidad bruta (lts): 1.350 Condensaci\u00f3n: Ventilada Refrigeraci\u00f3n: Est\u00e1tica Potencia compresor (w): 645 Peso neto (kg): 188 Dimensiones mueble (mm): L:2480\/P:970\/H:1090<\/p>\n","protected":false},"featured_media":1782,"template":"","meta":{"_acf_changed":false},"etheme_brands":[],"product_brand":[],"product_cat":[124,25],"product_tag":[],"class_list":{"0":"post-1769","1":"product","2":"type-product","3":"status-publish","4":"has-post-thumbnail","6":"product_cat-pozo","7":"product_cat-linea-frio","9":"first","10":"instock","11":"shipping-taxable","12":"purchasable","13":"product-type-simple"},"acf":[],"_links":{"self":[{"href":"https:\/\/iguazu.enexti.dev\/index.php?rest_route=\/wp\/v2\/product\/1769","targetHints":{"allow":["GET"]}}],"collection":[{"href":"https:\/\/iguazu.enexti.dev\/index.php?rest_route=\/wp\/v2\/product"}],"about":[{"href":"https:\/\/iguazu.enexti.dev\/index.php?rest_route=\/wp\/v2\/types\/product"}],"version-history":[{"count":1,"href":"https:\/\/iguazu.enexti.dev\/index.php?rest_route=\/wp\/v2\/product\/1769\/revisions"}],"predecessor-version":[{"id":1783,"href":"https:\/\/iguazu.enexti.dev\/index.php?rest_route=\/wp\/v2\/product\/1769\/revisions\/1783"}],"wp:featuredmedia":[{"embeddable":true,"href":"https:\/\/iguazu.enexti.dev\/index.php?rest_route=\/wp\/v2\/media\/1782"}],"wp:attachment":[{"href":"https:\/\/iguazu.enexti.dev\/index.php?rest_route=%2Fwp%2Fv2%2Fmedia&parent=1769"}],"wp:term":[{"taxonomy":"brand","embeddable":true,"href":"https:\/\/iguazu.enexti.dev\/index.php?rest_route=%2Fwp%2Fv2%2Fetheme_brands&post=1769"},{"taxonomy":"product_brand","embeddable":true,"href":"https:\/\/iguazu.enexti.dev\/index.php?rest_route=%2Fwp%2Fv2%2Fproduct_brand&post=1769"},{"taxonomy":"product_cat","embeddable":true,"href":"https:\/\/iguazu.enexti.dev\/index.php?rest_route=%2Fwp%2Fv2%2Fproduct_cat&post=1769"},{"taxonomy":"product_tag","embeddable":true,"href":"https:\/\/iguazu.enexti.dev\/index.php?rest_route=%2Fwp%2Fv2%2Fproduct_tag&post=1769"}],"curies":[{"name":"wp","href":"https:\/\/api.w.org\/{rel}","templated":true}]}}