{"id":1881,"date":"2020-11-03T20:55:46","date_gmt":"2020-11-03T20:55:46","guid":{"rendered":"http:\/\/instalacionesiguazu.com.ar\/?post_type=product&#038;p=1881"},"modified":"2026-04-03T17:00:18","modified_gmt":"2026-04-03T17:00:18","slug":"heladera-briket-290-lts","status":"publish","type":"product","link":"https:\/\/iguazu.enexti.dev\/?product=heladera-briket-290-lts","title":{"rendered":"Heladera Briket 1F 223 Lts"},"content":{"rendered":"<p>Tipo de aparato Refrigerador<br \/>\nClasificaci\u00f3n energ\u00e9tica B<br \/>\nConsumo de energ\u00eda (en kwh\/a\u00f1o) 255<br \/>\nVolumen \u00fatil (compartimiento de alimentos frescos 5\u00ba C.) en litros 223<br \/>\nVolumen \u00fatil (compartimiento de alimentos congelados) en litros 21<br \/>\nClase clim\u00e1tica Tropical<br \/>\nRuido 44<br \/>\nVolumen bruto nominal en dm3 290<br \/>\n\u00c1rea nominal de estantes de dm3 107<br \/>\nCorriente nominal en Amperios 0.7<br \/>\nPorcentaje de tiempo de funcionamiento 24%<br \/>\nProducci\u00f3n de hielo en cubeteras en minutos 65<br \/>\nAislaci\u00f3n Clase I<br \/>\nSistema de refrigeraci\u00f3n Komp<br \/>\nTensi\u00f3n 220 V<br \/>\nFrecuencia en Hz. 50<\/p>\n<p>DIMENSIONES Y PESO<\/p>\n<p>Dimensiones Externas Sin Embalaje<br \/>\nAlto 140,8 cm<br \/>\nAncho 55 cm<br \/>\nProfundidad 62 cm<\/p>\n<p>Dimensiones Externas Con Embalaje<br \/>\nAlto 143 cm<br \/>\nAncho 57 cm<br \/>\nProfundidad 67 cm<\/p>\n<p>Espacio requerido en uso 107 x 71,5 x 117 cm<\/p>\n<p>Peso s\/ embalaje 45.5 kg<br \/>\nPeso c\/ embalaje 46.5 kg<\/p>\n","protected":false},"excerpt":{"rendered":"<p>Tipo de aparato Refrigerador Clasificaci\u00f3n energ\u00e9tica B Consumo de energ\u00eda (en kwh\/a\u00f1o) 255 Volumen \u00fatil (compartimiento de alimentos frescos 5\u00ba C.) en litros 223 Volumen&#8230;<\/p>\n","protected":false},"featured_media":1882,"template":"","meta":{"_acf_changed":false},"etheme_brands":[],"product_brand":[],"product_cat":[116,103,25,64],"product_tag":[],"class_list":{"0":"post-1881","1":"product","2":"type-product","3":"status-publish","4":"has-post-thumbnail","6":"product_cat-heladeras","7":"product_cat-heladeras-familiares","8":"product_cat-linea-frio","9":"product_cat-electrodomesticos","11":"first","12":"instock","13":"shipping-taxable","14":"purchasable","15":"product-type-simple"},"acf":[],"_links":{"self":[{"href":"https:\/\/iguazu.enexti.dev\/index.php?rest_route=\/wp\/v2\/product\/1881","targetHints":{"allow":["GET"]}}],"collection":[{"href":"https:\/\/iguazu.enexti.dev\/index.php?rest_route=\/wp\/v2\/product"}],"about":[{"href":"https:\/\/iguazu.enexti.dev\/index.php?rest_route=\/wp\/v2\/types\/product"}],"version-history":[{"count":1,"href":"https:\/\/iguazu.enexti.dev\/index.php?rest_route=\/wp\/v2\/product\/1881\/revisions"}],"predecessor-version":[{"id":1946,"href":"https:\/\/iguazu.enexti.dev\/index.php?rest_route=\/wp\/v2\/product\/1881\/revisions\/1946"}],"wp:featuredmedia":[{"embeddable":true,"href":"https:\/\/iguazu.enexti.dev\/index.php?rest_route=\/wp\/v2\/media\/1882"}],"wp:attachment":[{"href":"https:\/\/iguazu.enexti.dev\/index.php?rest_route=%2Fwp%2Fv2%2Fmedia&parent=1881"}],"wp:term":[{"taxonomy":"brand","embeddable":true,"href":"https:\/\/iguazu.enexti.dev\/index.php?rest_route=%2Fwp%2Fv2%2Fetheme_brands&post=1881"},{"taxonomy":"product_brand","embeddable":true,"href":"https:\/\/iguazu.enexti.dev\/index.php?rest_route=%2Fwp%2Fv2%2Fproduct_brand&post=1881"},{"taxonomy":"product_cat","embeddable":true,"href":"https:\/\/iguazu.enexti.dev\/index.php?rest_route=%2Fwp%2Fv2%2Fproduct_cat&post=1881"},{"taxonomy":"product_tag","embeddable":true,"href":"https:\/\/iguazu.enexti.dev\/index.php?rest_route=%2Fwp%2Fv2%2Fproduct_tag&post=1881"}],"curies":[{"name":"wp","href":"https:\/\/api.w.org\/{rel}","templated":true}]}}