{"id":1900,"date":"2020-11-10T20:02:17","date_gmt":"2020-11-10T20:02:17","guid":{"rendered":"http:\/\/instalacionesiguazu.com.ar\/?post_type=product&#038;p=1900"},"modified":"2026-04-03T17:00:17","modified_gmt":"2026-04-03T17:00:17","slug":"balanza-systel-croma-30-kg","status":"publish","type":"product","link":"https:\/\/iguazu.enexti.dev\/?product=balanza-systel-croma-30-kg","title":{"rendered":"Balanza Systel Croma 30 kg."},"content":{"rendered":"<p>Modelo: Croma 30.<br \/>\nBalanza homologada.<br \/>\nCapacidad m\u00e1xima: 30kg.<br \/>\nCapacidad m\u00ednima: 100gr.<br \/>\nBater\u00eda interna recargable.<br \/>\nBandeja de acero inoxidable.<br \/>\nFunci\u00f3n precio-peso-importe.<br \/>\n200 art\u00edculos (PLU).<br \/>\nReportes de totales por c\u00f3digo.<br \/>\nTara por peso y por teclado.<br \/>\nVisor inferior para el vendedor y visor en torre para el cliente.<br \/>\nPuerto para conexi\u00f3n a PC o impresor de ticket.<br \/>\nPesaje multi-rango: 0-15kg x 5gr \/ 15-30kg x 10gr.<br \/>\nSuma art\u00edculos pesables y no pesables.<br \/>\nAlimentaci\u00f3n: 110-220v.<\/p>\n","protected":false},"excerpt":{"rendered":"<p>Modelo: Croma 30. Balanza homologada. Capacidad m\u00e1xima: 30kg. Capacidad m\u00ednima: 100gr. Bater\u00eda interna recargable. Bandeja de acero inoxidable. Funci\u00f3n precio-peso-importe. 200 art\u00edculos (PLU). Reportes de&#8230;<\/p>\n","protected":false},"featured_media":1901,"template":"","meta":{"_acf_changed":false},"etheme_brands":[],"product_brand":[],"product_cat":[49,60],"product_tag":[],"class_list":{"0":"post-1900","1":"product","2":"type-product","3":"status-publish","4":"has-post-thumbnail","6":"product_cat-equipamiento-y-maquinaria","7":"product_cat-balanzas-basculas-pilones","9":"first","10":"instock","11":"shipping-taxable","12":"purchasable","13":"product-type-simple"},"acf":[],"_links":{"self":[{"href":"https:\/\/iguazu.enexti.dev\/index.php?rest_route=\/wp\/v2\/product\/1900","targetHints":{"allow":["GET"]}}],"collection":[{"href":"https:\/\/iguazu.enexti.dev\/index.php?rest_route=\/wp\/v2\/product"}],"about":[{"href":"https:\/\/iguazu.enexti.dev\/index.php?rest_route=\/wp\/v2\/types\/product"}],"version-history":[{"count":0,"href":"https:\/\/iguazu.enexti.dev\/index.php?rest_route=\/wp\/v2\/product\/1900\/revisions"}],"wp:featuredmedia":[{"embeddable":true,"href":"https:\/\/iguazu.enexti.dev\/index.php?rest_route=\/wp\/v2\/media\/1901"}],"wp:attachment":[{"href":"https:\/\/iguazu.enexti.dev\/index.php?rest_route=%2Fwp%2Fv2%2Fmedia&parent=1900"}],"wp:term":[{"taxonomy":"brand","embeddable":true,"href":"https:\/\/iguazu.enexti.dev\/index.php?rest_route=%2Fwp%2Fv2%2Fetheme_brands&post=1900"},{"taxonomy":"product_brand","embeddable":true,"href":"https:\/\/iguazu.enexti.dev\/index.php?rest_route=%2Fwp%2Fv2%2Fproduct_brand&post=1900"},{"taxonomy":"product_cat","embeddable":true,"href":"https:\/\/iguazu.enexti.dev\/index.php?rest_route=%2Fwp%2Fv2%2Fproduct_cat&post=1900"},{"taxonomy":"product_tag","embeddable":true,"href":"https:\/\/iguazu.enexti.dev\/index.php?rest_route=%2Fwp%2Fv2%2Fproduct_tag&post=1900"}],"curies":[{"name":"wp","href":"https:\/\/api.w.org\/{rel}","templated":true}]}}