{"id":2326,"date":"2021-10-05T16:46:32","date_gmt":"2021-10-05T16:46:32","guid":{"rendered":"http:\/\/instalacionesiguazu.com.ar\/?post_type=product&#038;p=2326"},"modified":"2026-04-03T17:00:01","modified_gmt":"2026-04-03T17:00:01","slug":"heladera-vitrina-120m","status":"publish","type":"product","link":"https:\/\/iguazu.enexti.dev\/?product=heladera-vitrina-120m","title":{"rendered":"Heladera 1.20 Vitrina BEST COLD"},"content":{"rendered":"<h2 class=\"ui-pdp-description__title\">Descripci\u00f3n<\/h2>\n<p class=\"ui-pdp-description__content\">HELADERA EXHIBIDORA VITRINA MOSTRADOR 1.20 MT FIAMBRE LACTEO<\/p>\n<p>DESCRIPCI\u00d3N DEL PRODUCTO<\/p>\n<p>Refrigeraci\u00f3n: evaporador de aire forzado<\/p>\n<p>GABINETE<br \/>\nLaterales inyectados<br \/>\nAislaci\u00f3n de poliuretano inyectado<br \/>\nMesada 53 x 1.20 mts en acero inox. AISI 430<br \/>\nEstructura de galvanizado reforzado<\/p>\n<p>Frente<br \/>\nExhibici\u00f3n total con vidrio recto templado<\/p>\n<p>Interior<br \/>\nRejillas reforzadas y esmaltadas<\/p>\n<p>DIMENSIONES<br \/>\nFrente: 1.20 mts<br \/>\nAlto: 1.18 mts<br \/>\nProf: 0.70 mts<\/p>\n<p>&nbsp;<\/p>\n","protected":false},"excerpt":{"rendered":"<p>Descripci\u00f3n HELADERA EXHIBIDORA VITRINA MOSTRADOR 1.20 MT FIAMBRE LACTEO DESCRIPCI\u00d3N DEL PRODUCTO Refrigeraci\u00f3n: evaporador de aire forzado GABINETE Laterales inyectados Aislaci\u00f3n de poliuretano inyectado Mesada&#8230;<\/p>\n","protected":false},"featured_media":2327,"template":"","meta":{"_acf_changed":false},"etheme_brands":[],"product_brand":[],"product_cat":[126,25],"product_tag":[],"class_list":{"0":"post-2326","1":"product","2":"type-product","3":"status-publish","4":"has-post-thumbnail","6":"product_cat-heladera-vitrina","7":"product_cat-linea-frio","9":"first","10":"instock","11":"shipping-taxable","12":"purchasable","13":"product-type-simple"},"acf":[],"_links":{"self":[{"href":"https:\/\/iguazu.enexti.dev\/index.php?rest_route=\/wp\/v2\/product\/2326","targetHints":{"allow":["GET"]}}],"collection":[{"href":"https:\/\/iguazu.enexti.dev\/index.php?rest_route=\/wp\/v2\/product"}],"about":[{"href":"https:\/\/iguazu.enexti.dev\/index.php?rest_route=\/wp\/v2\/types\/product"}],"version-history":[{"count":0,"href":"https:\/\/iguazu.enexti.dev\/index.php?rest_route=\/wp\/v2\/product\/2326\/revisions"}],"wp:featuredmedia":[{"embeddable":true,"href":"https:\/\/iguazu.enexti.dev\/index.php?rest_route=\/wp\/v2\/media\/2327"}],"wp:attachment":[{"href":"https:\/\/iguazu.enexti.dev\/index.php?rest_route=%2Fwp%2Fv2%2Fmedia&parent=2326"}],"wp:term":[{"taxonomy":"brand","embeddable":true,"href":"https:\/\/iguazu.enexti.dev\/index.php?rest_route=%2Fwp%2Fv2%2Fetheme_brands&post=2326"},{"taxonomy":"product_brand","embeddable":true,"href":"https:\/\/iguazu.enexti.dev\/index.php?rest_route=%2Fwp%2Fv2%2Fproduct_brand&post=2326"},{"taxonomy":"product_cat","embeddable":true,"href":"https:\/\/iguazu.enexti.dev\/index.php?rest_route=%2Fwp%2Fv2%2Fproduct_cat&post=2326"},{"taxonomy":"product_tag","embeddable":true,"href":"https:\/\/iguazu.enexti.dev\/index.php?rest_route=%2Fwp%2Fv2%2Fproduct_tag&post=2326"}],"curies":[{"name":"wp","href":"https:\/\/api.w.org\/{rel}","templated":true}]}}