{"id":2954,"date":"2023-09-09T12:17:08","date_gmt":"2023-09-09T12:17:08","guid":{"rendered":"https:\/\/instalacionesiguazu.com.ar\/?post_type=product&#038;p=2954"},"modified":"2026-04-03T16:59:51","modified_gmt":"2026-04-03T16:59:51","slug":"aire-acondicionado-hyundai-5100w-inverter","status":"publish","type":"product","link":"https:\/\/iguazu.enexti.dev\/?product=aire-acondicionado-hyundai-5100w-inverter","title":{"rendered":"Aire Acondicionado HYUNDAI 5000W INVERTER"},"content":{"rendered":"<p>Disfruta del m\u00e1ximo confort en tu hogar con el aire acondicionado Hyundai HY10INV-5100FC, un equipo split inverter de fr\u00edo\/calor con 4644 frigor\u00edas, ideal para mantener la temperatura perfecta en cualquier \u00e9poca del a\u00f1o. Su tecnolog\u00eda inverter te permite ahorrar energ\u00eda y reducir el consumo, gracias a su eficiencia energ\u00e9tica clase A++ en modo fr\u00edo y clase B en modo calefacci\u00f3n.<\/p>\n","protected":false},"excerpt":{"rendered":"<p>Disfruta del m\u00e1ximo confort en tu hogar con el aire acondicionado Hyundai HY10INV-5100FC, un equipo split inverter de fr\u00edo\/calor con 4644 frigor\u00edas, ideal para mantener&#8230;<\/p>\n","protected":false},"featured_media":2955,"template":"","meta":{"_acf_changed":false},"etheme_brands":[],"product_brand":[],"product_cat":[29],"product_tag":[],"class_list":{"0":"post-2954","1":"product","2":"type-product","3":"status-publish","4":"has-post-thumbnail","6":"product_cat-aires-acondicionados","8":"first","9":"instock","10":"shipping-taxable","11":"purchasable","12":"product-type-simple"},"acf":[],"_links":{"self":[{"href":"https:\/\/iguazu.enexti.dev\/index.php?rest_route=\/wp\/v2\/product\/2954","targetHints":{"allow":["GET"]}}],"collection":[{"href":"https:\/\/iguazu.enexti.dev\/index.php?rest_route=\/wp\/v2\/product"}],"about":[{"href":"https:\/\/iguazu.enexti.dev\/index.php?rest_route=\/wp\/v2\/types\/product"}],"version-history":[{"count":1,"href":"https:\/\/iguazu.enexti.dev\/index.php?rest_route=\/wp\/v2\/product\/2954\/revisions"}],"predecessor-version":[{"id":4092,"href":"https:\/\/iguazu.enexti.dev\/index.php?rest_route=\/wp\/v2\/product\/2954\/revisions\/4092"}],"wp:featuredmedia":[{"embeddable":true,"href":"https:\/\/iguazu.enexti.dev\/index.php?rest_route=\/wp\/v2\/media\/2955"}],"wp:attachment":[{"href":"https:\/\/iguazu.enexti.dev\/index.php?rest_route=%2Fwp%2Fv2%2Fmedia&parent=2954"}],"wp:term":[{"taxonomy":"brand","embeddable":true,"href":"https:\/\/iguazu.enexti.dev\/index.php?rest_route=%2Fwp%2Fv2%2Fetheme_brands&post=2954"},{"taxonomy":"product_brand","embeddable":true,"href":"https:\/\/iguazu.enexti.dev\/index.php?rest_route=%2Fwp%2Fv2%2Fproduct_brand&post=2954"},{"taxonomy":"product_cat","embeddable":true,"href":"https:\/\/iguazu.enexti.dev\/index.php?rest_route=%2Fwp%2Fv2%2Fproduct_cat&post=2954"},{"taxonomy":"product_tag","embeddable":true,"href":"https:\/\/iguazu.enexti.dev\/index.php?rest_route=%2Fwp%2Fv2%2Fproduct_tag&post=2954"}],"curies":[{"name":"wp","href":"https:\/\/api.w.org\/{rel}","templated":true}]}}